38) - -2?
-47
What is the value of 36 + -7 + 43 - 80?
-8
What is -75 - (67 + 60 + -158)?
-44
What is -5 + (49 - 65 - (26 - 3))?
-44
What is the value of 10 + (3 + -11 - (2 + -9)) + -3 + -13?
-7
Evaluate (118 - 39) + (-28 - 9) - (10 - 1).
33
Evaluate (4 - -2) + (-49 + 16 - -43) + -5 + -7.
4
-112 + 212 + -105 - -4
-1
What is 11 - -10 - -1 - (-4 + -3 + 19)?
10
(4 - (7 - 3)) + -119 - (365 - 375) - -9
-100
Calculate -53 - (5 + -29 - 2).
-27
Evaluate 23 + (26 - (-1 + 25)).
25
Evaluate -1 + 58 - ((11 - -42) + -54) - -1.
59
Calculate -19 + (22 - -11) - (0 + (-3 - (-131 + 2))).
-112
-23 + -2 + 6 + 2 + -13 + -17
-47
What is (4 - (59 - -4) - ((16 - 29) + 8)) + -4?
-58
What is the value of -173 + 256 - (-11 + 115)?
-21
Calculate -79 + (22 - (77 + 13 - 40)).
-107
What is 17 + 6 - (-17 - (3 + -5))?
38
Evaluate (61 - -2) + -8 + (1 - (5 + -4)).
55
What is -1 + (0 - 10) - (-9230 - -9201)?
18
18 - (72 + -18) - 16
-52
Evaluate -61 + (-28 - (7 - 60)).
-36
What is (3 - 1 - -41) + -1332 + 1333?
44
Calculate -5 - (-60 - -55 - (-8 - (3 + -9))).
-2
Evaluate -76 - -61 - ((1 - -26) + 8 + -2).
-48
Evaluate -12920 + 12944 + 1 + 57.
82
What is -7 + (15 - 25) + -23 + -2 + -4?
-46
41 + (29 - (2 - -6 - 13))
75
(-12 - 1 - (-32 - (-47 - -25))) + 7
4
Evaluate 29 - (3 + 60 - (167 + -154)).
-21
Calculate 5 + -3 - (-1348 + 1316).
34
-27 + 42 - -4 - (15 - (-5 + 17))
16
Evaluate (-8 - (-135 - -145)) + -1 + -2.
-21
Evaluate -1 - 94 - -2 - (4730 - 4725).
-98
What is the value of 27 + 1 + -35 - (-4 + -14 + -1)?
12
-67 - -47 - -5 - 17
-32
Evaluate (100 + 24 + 16 - (4 - -9)) + 11.
138
(-29 - -5 - (16 - (5 + 3))) + -1 + -5
-38
What is -18 + (8 - 41) + 4 - 18?
-65
What is the value of (-14 + (-14 - -8) + -1 - -15) + 0 + -43?
-49
What is 36 + (17 - (29 + (7 - 5))) - 8?
14
What is -1 + 9 + (22 - 38)?
-8
What is the value of -2 - (((14 - 3) + -29 - -6 - -4) + 49)?
-43
Calculate (49 - (68 - 63)) + -2 + 3.
45
What is -1 + 26 + (-3 - -3) - (3147 - 3157)?
35
What is (-3 - -14) + (9 + (-7 - (3 - 1)) - 15)?
-4
Calculate 10 - (-54 - (7 + -5 - -1) - (180 - 187)).
60
43 + -57 - ((50 - -3) + (-16 - (-14 - 9)))
-74
17 - ((-10 - -34) + (14 - 28)) - (-4 - -80)
-69
What is the value of 25 - -8 - (121 - 123)?
35
Calculate -33 - (1 + -1) - (1283 + -1286).
-30
Evaluate (122 + -74 - 51) + -41.
-44
Evaluate (39 + -71 - -44) + (-2 - 0) + 1.
11
(-61 - -41) + 34 - 19
-5
Calculate 3 + (-21 - -35) + (-7 - -9 - -49).
68
Evaluate 30 - (-12 - -7 - (13 + -41)).
7
What is the value of 1584 + -1621 - (-3 + -3)?
-31
Calculate (-11 - (11 + -12 - 0)) + 11 - 25.
-24
Evaluate (-61 - -125 - -38) + -4.
98
Calculate 5 + (29 - (-10 + 46)) - (-2 + -86 + -2).
88
What is 26 + -56 - (7 + -15 - 80)?
58
What is (57 + -72 + 29 - (1 + 27 - 0)) + 99?
85
What is 84 - (60 - (-169 - -111))?
-34
Calculate 90 - (60 + -15 + -21 + 15).
51
Evaluate 1 + 44 - (-40 + (57 - 36)).
64
What is the value of (-1 + -14 - -20) + 10 - 12 - 116?
-113
What is the value of 2 - (43 - (-4 + (6 - 15) + 7))?
-47
35 + (-9 - (-28 + 16 + -25 + 16))
47
Evaluate -2 - -6 - 3 - (-74 + 8).
67
What is (37 - (103 - 197)) + 4 + -11?
124
Calculate (-8 - -29) + 18 + (-4 - (15 + 78)).
-58
Calculate (-2 - (0 - ((14 - 2) + -1))) + (6353 - 6325).
37
8 + (7 + -1 + 0 - (-1238 + 1233))
19
Evaluate 11 + (1 + 41 - (-1253 - -1284)).
22
What is 3 + (-38 - (15 + -23 - -14 - 23))?
-18
Calculate 3935 + -3947 + (-74 - (0 + 2 + -2 + 0)).
-86
-138 - (-53 + 76 + -48)
-113
Evaluate -10 + (17 - (-16 - -32)) - -67.
58
Calculate -39 - (35 + -27) - (11 - (-3 - (-10 + 5))).
-56
What is the value of (3 - 0) + 102 + -21 + -44?
40
Evaluate (45 - (18 + 30)) + -37.
-40
Evaluate 56 + (95 - 102) + (2 - -12).
63
(18 - 20) + (1 - (0 - 1)) - -56
56
Evaluate 20 - 1 - (371 + -392).
40
What is (34 - (0 - -2)) + (19 - (12 + -27 + 32))?
34
What is the value of -28 + (-5 - -16) + 4 + -22 + -4?
-39
What is the value of -113 + 45 + 43 - (-10 - 1) - 105?
-119
What is -14 + 28 - (0 + (-2 - -12) + 2)?
2
What is -20 + (53 - 30) - (-1 + (10 - 1))?
-5
What is the value of -20 + (7 - (20 - 2)) + -7?
-38
Evaluate (-3 - -63) + (2209 - 2173).
96
What is (24 - 0) + (74 - (38 + 33))?
27
Evaluate 23 + 1 + -5 - (-74 - -75).
18
What is 5 + (-18 - -31) - (-6 + 3 - (3 - 2))?
22
What is the value of (22 - -26) + -5 + (3 - -1) + (10 - 14)?
43
1 + 10 + -6 + (-3 - 4 - 34) + 9
-27
Calculate (-719 - -751) + (-134 - -2).
-100
Calculate 39 - 125 - -55 - -15.
-16
What is the value of -9 - (-30 + (-2 - -4 - (-7 - -3)))?
15
Calculate -1 + -1 - -13 - (-342 + 363).
-10
What is -8 + 4 - (-4 - (6 - 11)) - -83 - -2?
80
Evaluate (0 - -3) + 4 + -4 - (19 - 27) - -84.
95
Evaluate 7 - 6 - 9 - ((16 - -19) + (-8 - -1)).
-36
What is -6 + 6 + 8 + -2 - (-44 - (-1 + 16))?
65
Calculate (-48 - (20 + -70)) + 0 + (6 - -2).
10
What is the value of (-33 - 0) + (-131 - -115) + -3?
-52
What is the value of (22 - -25) + -58 - ((-10 - -4) + 1)?
-6
What is 70 + -68 + -8 - ((3 - 3) + 0)?
-6
What is (-24 - -11 - -95) + -63 + 57?
76
What is the value of (-37 + 20 - -18) + -22?
-21
-22 + (24 - 13) + (70 - (-8 - (-2 - 13)))
52
30 - (-148 + 194) - (-8 - -1)
-9
46 + 30 + (30 - 49) + 5
62
What is the value of (-25 - -25) + 2 + -1 - (182 + -224)?
43
Calculate 41 - (11 - (-40 - -17)).
7
Calculate (122 - (-39 - -56)) + -57.
48
Evaluate (-11 + (6 - 0) - -79) + 65 + -83.
56
Calculate -150 - (-251 - -101 - -103).
-103
Calculate -36 - ((6 - 22) + -19 + 5).
-6
-3 + -4 + -3 + 3 + 18 + -35 + 12
-12
(-15 - (0 - -96) - (-14 - 3)) + 17
-77
Calculate -88 + (-4 + 0 + 14 - -9) + -3.
-72
Calculate -56 + 32 + -26 + (1 - -7 - (2 + -3)).
-41
(117 - (8 - -98)) + -6 + (-2 - (-3 - -1))
5
-1 - (10 + -18) - (89 - -48 - 60)
-70
Evaluate -30 + (-21 - -20) + -45 + 19.
-57
Evaluate -5 + -4 - (314 - 299) - ((1 - 4) + 7).
-28
What is -26 - (-31 + (3 - 30)) - 31?
1
Evaluate (-6 - -1) + (-11 + 0 - (21 + -9 - 17)).
-11
What is 3 + (38 + -3 - (-7 + -5 + 4 + -2))?
48
Calculate -4 - -58 - ((17 - (11 - -13)) + 18).
43
What is the value of 7 - -11 - 17 - 0 - (-4 + 32)?
-27
Calculate 20 + (-16 + -3 - -7 - -33).
41
-47 + -4 + 21 + 39 - (0 + 24)
-15
Calculate (10 - 26) + 8 + -11 + 20.
1
Evaluate -21 - (-40 - -22) - (30 + 1).
-34
What is 6 + (-1 + -56 - 0) + 89 + (85 - 160)?
-37
Calculate 36 + -51 + -41 + 12 - (1 + 0).
-45
-22 + (-37 - -130) + -59
12
Evaluate -164 - -140 - ((15 - 0) + 1).
-40
Evaluate 86 + -35 - (30 + (-4 - 3)).
28
Evaluate 2 + -30 - (1047 - 1073).
-2
-47 + 0 - ((-195 - -183) + -3 + -2)
-30
Evaluate 1 + -32 + 47 + 27 + -53.
-10
What is -1331 + 1234 + (-2 - 9)?
-108
What is (5 - -1) + -1 + (-58 - -45) + 111?
103
What is 2 - (-30 - -42) - -47?
37
17 + (-14 - -18) + -3 + -6 - -14
26
What is the value of 2657 + -2715 - ((-1 - -1) + -10)?
-48
What is the value of 82 - (-54 - -135) - ((2 - (0 - -1)) + 38)?
-38
What is the value of -1 - 32 - (-10 + 2 - (353 - 357))?
-29
92 - 25 - (-18 + 35)
50
Calculate (-13 - (-22 + 6) - (6 - 0)) + 12 - -3.
12
What is the value of -11 - (-27 + (-6 - -6) + (-8 - (-20 - -10)))?
14
Evaluate -23 + 83 + -25 - (-25 + 48).
12
(37 - 14 - 9) + (-2 - 1) - (-60 - -149)
-78
What is the value of -154 + 30 - (397 - 569)?
48
Calculate 53 - ((23 - -49) + -5).
-14
What is -21 - (30 - (38 + -32) - 27)?
-18
Calculate (6 - -2 - 14) + (4 - -1) - (-9 + -6).
14
Evaluate 38 - 57 - -18 - (24 - 1).
-24
-448 + 16 + 434 + (-1 - 0 - 39)
-38
What is the value of (-21 - (-35 + 24)) + (6 - (79 + 1 - 0))?
-84
Evaluate 587 + -521 + (2 - (15 + -5 - (2 - -1))).
61
Evaluate (1 - -3) + 0 - (-650 + 653 + (-3 - 1)).
5
Calculate (0 - -1 - -1) + -25 + -404 + 393.
-34
Evaluate 19 + -84 + 193 + -44.
84
(-1 - 97) + 10 + (24 - 5) + -189 + 156
-102
What is the value of -14 - -7 - -23 - (-79 - -86)?
9
Calculate 6232 + -6236 + (15 - 2 - (1 + -3)) + -82.
-71
What is the value of -76 + 17 + (-28 - -21) + -30?
-96
(-37 + -4 - (19 + -20)) + (-4 - 5)
-49
Evaluate -143 - (-12 - 71) - (-1 + (-1 - 2)).
-56
Calculate (46 - 0 - 0) + -208 + (-347 - -549).
40
-3 + 2 + (21 - (108 + -30) - -45)
-13
What is (-53 - -28) + 17 + 17?
9
Evaluate -129 + (8 - -17) + 218.
114
What is the value of 36 + (14 - 0 - (-50 + 85))?
15
What is the value of -17 + -9 + 14 + (-93 - -190)?
85
What is the value of 11 - 7 - (10 + -8 - (-122 - -65))?
-55
Calculate (-8 - (31 + 7 + -3 + -13 + 7)) + -12.
-49
Evaluate 3108 + -3110 - ((-2 - -2) + 2 + -23).
19
What is